
Suppose 0 = -4*i + 73 + 43. Let c = -19 + 43. Let l = -14 + c. What is the remainder when i is divided by l?
9
Suppose 0 = -15*k + 23*k - 16. Calculate the remainder when (-104 - k)*(-3)/6 is divided by 12.
5
Let z = 18 + 77. What is the remainder when 185 is divided by z?
90
Let r(u) = u**3 + 12*u**2 + 3*u - 15. Calculate the remainder when r(-10) is divided by 6.
5
Let n(j) = 29*j + 34. What is the remainder when n(4) is divided by 27?
15
Suppose -29*v + 27*v + 118 = 0. What is the remainder when 290 is divided by v?
54
Let n = 150 - 49. Suppose -10*p + 69 = -n. What is the remainder when 33 is divided by p?
16
Let s(y) = -y + 10. Suppose 40 = -3*h - 4*x, -5*h - 3*x - 48 = -x. Calculate the remainder when 34 is divided by s(h).
16
Suppose -j + 523 = -916. Calculate the remainder when j is divided by 48.
47
Let f be (-4 - (-95 - -4)) + -4. Suppose f = 2*a - a. What is the remainder when a is divided by 28?
27
Let f be (40/30)/(2/3). Let z(b) = -b**2 - 3 + 3*b**2 - 23*b + 26*b. Calculate the remainder when 41 is divided by z(f).
8
Let m(z) = 64*z**3 + 2*z - 1. Let s = -6 - -7. Calculate the remainder when m(s) is divided by 17.
14
Let y = -27 - -33. Calculate the remainder when 24 is divided by (-2 - -13) + y + -3.
10
Let n(m) = -4*m**3 - m**2 + 1. Let l = 35 + -36. Let p be n(l). Suppose -13 = r + p*j, 2*j - 4 = -2*r - 0. What is the remainder when 22 is divided by r?
1
Suppose -24*v + 43*v = 1520. Calculate the remainder when 958 is divided by v.
78
Let f = -1301 + 1328. What is the remainder when 781 is divided by f?
25
Let z(i) = i. Let t(y) = -3*y - 2. Let x(k) = 3*t(k) + 12*z(k). Let d = 59 - 56. What is the remainder when x(4) is divided by d?
0
Let a be (18/21)/(9/42). What is the remainder when (-6)/a*(-984)/36 is divided by 26?
15
Suppose 675 = 5*v + 20*v. Calculate the remainder when 769 is divided by v.
13
Let k = 6 - -4. Suppose 2*t = 4*r - k, -2*t + t + 11 = 2*r. What is the remainder when 3 is divided by t?
0
Suppose 9*b - 58 = 14. What is the remainder when 46 is divided by b?
6
Let v = -363 - -377. What is the remainder when 64 is divided by v?
8
Let c(w) be the first derivative of -4*w**2 - 35*w + 20. What is the remainder when 24 is divided by c(-5)?
4
Let t = -185 + 372. Suppose n + 152 = 4*j, 20*j - 17*j - 5*n = 114. What is the remainder when t is divided by j?
35
Suppose -3*w + 5*v + 60 = 0, -4*w + 30 + 45 = -5*v. Suppose 6*o - 270 = 66. What is the remainder when o is divided by w?
11
Let f(i) = 62*i**2. Let w be f(1). Suppose 3*r = 2*h - h + w, -5*h = 2*r - 64. What is the remainder when r is divided by 6?
4
Let d = 169 + -89. Calculate the remainder when d is divided by (-235)/(-25) - (-2)/(-5).
8
Suppose 5*t - 40 = m + 52, -3*t + m = -54. Let c = t - -36. Calculate the remainder when c is divided by 29.
26
Let b(p) = 8 + p**3 + 82 + 1513*p**2 - p - 1511*p**2. What is the remainder when b(0) is divided by 32?
26
Let w be -3 + 2 + 3 - -5. Suppose w = 5*r - 3. Suppose -g + 11 = 4*j, -14 = -5*g + r*j + 41. Calculate the remainder when g is divided by 4.
3
Suppose -3*c + 3 = -0. Let b be 1/1 + c + -26. Let y = b + 43. Calculate the remainder when y is divided by 5.
4
Let a be 2*((-189)/(-28))/((-6)/(-4)). Suppose -12*j + 42 = -a*j. What is the remainder when 109 is divided by j?
11
Let i = 14737 - 14702. Suppose -427 = -5*f + 443. What is the remainder when f is divided by i?
34
Let y = 779 + -772. What is the remainder when 18 - (-2 - (-2 - -1)) is divided by y?
5
Let a(h) = h**2 - 2*h - 2. Let f(t) = 2*t - 40. Let l be f(0). Let z be (l/(-30))/(4/(-6)). Calculate the remainder when 14 is divided by a(z).
2
Let v(m) = -1 - 4 + 3 - m**2 - 2 - 5*m. Let w be v(-4). Suppose 4*c - 92 = 2*s, 5*c + 2*s = -w*c + 115. What is the remainder when 45 is divided by c?
22
Suppose -727 = -8*c + 3*c + 2*w, -3*w - 135 = -c. Calculate the remainder when c is divided by 63.
21
Suppose -13*o + 30 = -48. Suppose -o*n - 36 = -228. Calculate the remainder when n is divided by 10.
2
Suppose 6*g - 8*g + 94 = 0. Let q = 53 - g. Suppose 130 = 5*y + 25. What is the remainder when y is divided by q?
3
Suppose 2*h + 5*z = 1278, 4*h + 4*z = 1865 + 679. What is the remainder when h is divided by 6?
4
Suppose -15*c = 609 - 1599. Calculate the remainder when c is divided by 21.
3
Let l(r) = -2*r**2 - 16*r + 85. What is the remainder when l(-11) is divided by 5?
4
Let d be 2/3 - (-19410)/(-9). What is the remainder when 66 is divided by d/(-63) + 6/(-27)?
32
Let o be (8/(-7))/(5/(-35)). Let s = 5 + o. What is the remainder when s is divided by 4?
1
Let w(y) = y**3 - 7*y**2 + 5*y + 6. Let b be w(6). Suppose b = -3*f + 49 + 26. What is the remainder when 48 is divided by f?
23
What is the remainder when 186 is divided by (0 + 1)*(625 + -10)/15?
22
Suppose -6*l + 94 + 86 = 0. What is the remainder when 299 is divided by l?
29
Let p(f) be the first derivative of f**2/2 - 5*f - 13. What is the remainder when 59 is divided by p(20)?
14
What is the remainder when 31 is divided by ((-63)/(-15))/(84/140)?
3
Suppose z - 80 = -5*y, -3*y + 4*z = -8 - 63. Calculate the remainder when 133 is divided by y.
14
Suppose 0 = -c - 1, 3*g = -2*c - 0*c + 7. Suppose v + d - 2 = 9, -5*v - 3*d + 63 = 0. What is the remainder when g*(-48)/(-27)*63/12 is divided by v?
13
Suppose -19 = 5*p - 89. Let n(q) = 18*q - 375. Calculate the remainder when n(23) is divided by p.
11
Suppose 4 + 7 = p - 5*u, -3*u + 27 = 5*p. Calculate the remainder when 14 is divided by p.
2
Let d = 1 + -8. Let y = -7 - d. Suppose 0 = 2*c - y*c - 28. What is the remainder when 55 is divided by c?
13
Let u = -11 + 12. Calculate the remainder when -19*(u - 2 - 0) is divided by 5.
4
Let f(s) = -92*s + 102. Calculate the remainder when f(-2) is divided by 48.
46
Let o(k) = k**3 - 16*k**2 - 16*k + 9. Let j be o(17). Suppose g = -5*v + j + 13, 5*v = -5*g + 95. What is the remainder when g is divided by 9?
5
Calculate the remainder when (8/((-16)/402))/((-15)/20) is divided by 18.
16
Let a(s) = 0 + 1 - 29*s**3 + 30*s**3 + 4*s**2 - 2*s. Calculate the remainder when a(-4) is divided by 5.
4
Suppose 3*r - 18 = r. What is the remainder when (1 + 27)/((-12)/(-6)) is divided by r?
5
Let i = -7 + -4. Let p(l) = -l**3 - 12*l**2 - 11*l + 15. Suppose 47 = 4*t - 61. Calculate the remainder when t is divided by p(i).
12
Let g(c) = c**3 + 5*c**2 - 3*c - 1. Let u be g(-5). Suppose 2*y = u + 16. Let f = -74 + 80. What is the remainder when y is divided by f?
3
Suppose 5*l = 4*l + 4*h - 23, 9 = l + 4*h. Let d = 3 + -5. Calculate the remainder when l - -6 - (d - 10) is divided by 4.
3
Suppose 0 = 3*q + 2*p - 19, -3*q = -2*p + 3 - 2. Suppose 0 = -f + q*f - 26. What is the remainder when 51 is divided by f?
12
Let i = 2 + -4. Calculate the remainder when ((-43)/4)/(i/8) is divided by (-1)/(40/44 - 1).
10
Let f(u) = u**3 - 11*u**2 + 10*u - 50. Calculate the remainder when f(13) is divided by 17.
10
Let h be -6*(-4)/48 + (-14)/(-4). What is the remainder when 92 is divided by (-2)/h*19*(-1 + -1)?
16
Suppose -4*l + n + 152 = 0, 2*l - 57 - 19 = -3*n. What is the remainder when 145 is divided by l?
31
Suppose 4*j = v + 569, j + v = -2*v + 139. What is the remainder when j is divided by 29?
26
Let i(u) be the second derivative of 5*u**3 + u**2/2 - u. Calculate the remainder when i(3) is divided by ((-14)/(-4) + -3)/((-1)/(-62)).
29
Suppose -15*b + 522 = -2433. Calculate the remainder when b is divided by 18.
17
Let m be 7/(-5) + (-2)/(-5). What is the remainder when (6/8)/m*-4 is divided by (-2 - -1) + (-8)/(-2)?
0
Suppose -6*n = -25 + 7. Suppose -3*r + n*q = -78, -3 = -q - 6. What is the remainder when 45 is divided by r?
22
Let d = -158 - -180. Calculate the remainder when 371 is divided by d.
19
Let i be 780/(-9)*6/(-5). Suppose 4*y + 8 = i. Calculate the remainder when 17*((-205)/(-25) + (-66)/55) is divided by y.
23
Let n = 1423 - 1397. What is the remainder when 388 is divided by n?
24
Let c(g) = g**2. Let k be c(-1). Let x = 13 - k. What is the remainder when 7 is divided by (x/42)/((-2)/(-14))?
1
Suppose -3*l - 103 = 9*f - 4*f, -11 = f + 3*l. Let d = -19 - f. Suppose 4 = h - 5. What is the remainder when h is divided by d?
1
Suppose -4*p = -0*p - 8. Let o(j) = 8*j + 143. Let k be o(-18). What is the remainder when 19 - k - p*-1 